nder when n is divided by 114.
111
Let g = 144 - 195. Let x = g - -127. Calculate the remainder when x is divided by 20.
16
What is the remainder when 235 is divided by 46 + -6 - 54/9*1?
31
Let o(v) = -2*v**3 + 12*v**2 - 7*v - 2. Let g be o(5). Suppose 3*j = 4*w - 69, g*w - 11*w + 5*j = 67. Calculate the remainder when 146 is divided by w.
20
What is the remainder when ((1760/(-60))/22)/(2/(-435)) is divided by 78?
56
What is the remainder when 1057/4 - 3402/648 is divided by 147?
112
What is the remainder when 3034/(-451)*14916/(-24) is divided by 1042?
13
Let m(u) = 4*u**2 + 12*u + 97. What is the remainder when m(-4) is divided by 39?
35
Let n(j) = j**3 - 86*j**2 + 10*j - 704. What is the remainder when 441 is divided by n(86)?
129
Let j = -136 - -138. Suppose -3*z + 169 = t + 19, 2*z - j*t = 100. Calculate the remainder when 149 is divided by z.
49
Let u(o) = o + 4. Let l = 4 - 6. Let p(g) = g**3 - 59*g**2 + 6. Calculate the remainder when p(59) is divided by u(l).
0
Calculate the remainder when 34 is divided by ((-198)/(-44))/(3/6) - -6.
4
Suppose p = -2*h + 27, -2*p - 3*h + 51 = -2*h. Calculate the remainder when 142 is divided by (p/(-10) - -1)*-14 + -3.
16
Calculate the remainder when ((-60525)/900)/((-3)/120 - 0) is divided by 7.
2
Let g(h) = -121*h + 1584. What is the remainder when 469 is divided by g(13)?
7
Let z(r) = 3*r**2 + 11*r + 2. Suppose l + 8 = 5*l. Suppose l*d = -9 - 1. What is the remainder when z(d) is divided by 5?
2
Suppose 4*o - 15 = 93. Let c(l) = l**3 + 1. Let g(n) = n**3 - 2*n**2 + 2*n. Let z(m) = 2*c(m) - g(m). What is the remainder when o is divided by z(2)?
13
Calculate the remainder when 5036 is divided by (-4)/14 - 487080/(-6930).
66
Let s = 2954 + -2914. Calculate the remainder when 510 is divided by s.
30
Let u(n) = 8*n + 86. Let p be u(-3). Suppose -22 - p = -4*b. Calculate the remainder when b is divided by 11.
10
Suppose -169*l = -238*l + 483. Suppose 5*b - 13*b + 16 = 0. Calculate the remainder when l is divided by b.
1
Let q(z) = -2*z**2 - 125*z + 110. Calculate the remainder when q(-60) is divided by 35.
25
Suppose 16*w - 4145 = -1329. Calculate the remainder when 4575 is divided by w.
175
Let j(q) = q**2 + 9*q - 22. Let v(c) = 5 - 3*c - c**2 + 0*c**2 + 6*c + 11. Let o be v(7). Calculate the remainder when 68 is divided by j(o).
12
Let p = 92 + -87. Calculate the remainder when (-1328)/(-8) + 0 - p is divided by 81.
80
Suppose 0 = -15*t + t + 714. Suppose z + d = 5*d + 29, 3*d + t = 3*z. Calculate the remainder when z is divided by 11.
2
Let a = -207 - -209. Suppose -4*j - b = -779, -5*j = b + a*b - 979. Calculate the remainder when j is divided by 20.
14
Suppose 616 = -14*o + 2380. What is the remainder when 224 is divided by o?
98
Let t = -3760 + 3930. Calculate the remainder when t is divided by 23.
9
Suppose 0*z = 2*z - 3*f - 485, 2*z = 2*f + 482. Let m = -142 + z. Suppose -2*t + 68 = 3*v, m = 5*v - v + 4*t. Calculate the remainder when v is divided by 6.
2
Let a(l) = 14*l - 9. Let c be a(1). Let y = 1 + 6. Calculate the remainder when c + (-15)/(-20)*(2 - -6) is divided by y.
4
Let o be ((-144)/60)/((-2)/(-5)). Calculate the remainder when 1/(o/(-387)*(-10)/(-20)) is divided by 22.
19
Let p = -9420 - -9468. Calculate the remainder when 134 is divided by p.
38
Let h(s) be the second derivative of 17*s**3/3 + 5*s**2/2 - 21*s. Let o(f) = 8*f**3 - f**2 - 7*f + 10. Calculate the remainder when h(8) is divided by o(2).
53
Let p(i) = i**3 - 4*i**2 + 7*i - 5. Let g be p(3). Suppose -52 = -10*y + 6*y. What is the remainder when ((-12)/g)/(28/(-294)) is divided by y?
5
Let f(h) = -7*h + 9. Let d be f(1). Calculate the remainder when 336 is divided by 85 + (-2)/(-1) + d/(-1).
81
Suppose 210 = 2*q + 13*q. Suppose 71*m = 69*m + q. Calculate the remainder when 26 is divided by m.
5
Let j = -810 - -1360. Suppose 5*k + 2*a = 135, 3*a - 101 = -4*k - 0*a. Calculate the remainder when j is divided by k.
28
Let g(c) = -30*c + 4. Let j be g(-2). Let p = 69 - j. Suppose 12*a = p*a + 105. Calculate the remainder when a is divided by 6.
3
Suppose 9*r + 100 = 14*r. Let c be (3 - (-12)/r)*10. Suppose 11*y - c = 2*y. What is the remainder when 18 is divided by y?
2
Suppose 5*w + 4*n - 1590 - 2672 = 0, 3*w + 3*n = 2556. What is the remainder when w is divided by 11?
7
Calculate the remainder when -52*12/40*(16/6 + -6) is divided by 8.
4
Let z(i) = -i**3 + 2*i**2 + 6*i + 4. Let l be z(4). Let a be (0 + 3 - -3) + l/2. What is the remainder when 24 is divided by ((a - 4) + 3)*3?
6
Suppose -q + 76 = -2*d - 10, -4*d - 8 = 0. Let p = -39 + q. Suppose -p*w + 42*w = -171. Calculate the remainder when w is divided by 35.
31
Let p(i) be the third derivative of -i**6/120 - i**5/20 - 3*i**4/8 - 11*i**3/3 + i**2 + 155. Calculate the remainder when 55 is divided by p(-4).
25
Suppose -o - 475 = -6*o. Let l = -50526 + 50534. Calculate the remainder when o is divided by l.
7
Let t(s) = s**2 + 6*s - 62. Suppose -15 = -o - 5. Calculate the remainder when t(o) is divided by 35.
28
Let t = 19318 + -18436. Calculate the remainder when t is divided by 220.
2
Suppose -29*a + 2627 = 241 - 79. Calculate the remainder when 799 is divided by a.
34
Suppose 3*x = -2*o - 1727, -5*x - 4 - 1 = 0. Let d = 895 + o. What is the remainder when 45 is divided by d?
12
Let j(k) = -3*k**2 + 302*k + 3. Let q = 0 + 14. What is the remainder when j(100) is divided by q?
7
Suppose 90 = 2*r - 268. Let t = -195 + 199. Suppose 223 = 2*v + 3*v + z, -t*v - z + r = 0. What is the remainder when v is divided by 12?
8
Suppose -8*o + 12*o - 915 = -3*i, 3*i - 3*o - 894 = 0. Calculate the remainder when i is divided by 165.
136
Let n = -118 - -118. Suppose 5*y + 5*i - 30 = n, -y + i = -i - 15. What is the remainder when 19 is divided by (-1 + 7)*(8 - 66/y)?
3
Let w be 1/(-1) - 11*-1. Suppose x - w = -x. Calculate the remainder when 4 - ((-9)/(-3) - 5)*(2 + 7) is divided by x.
2
What is the remainder when ((-162)/(-21))/((-5 + -6)/(-3234)) is divided by 32?
28
Suppose -2*i + 4*r + 0*r = 244, 0 = 4*i + 5*r + 514. Let n = i + 213. Let x = 123 - n. Calculate the remainder when 106 is divided by x.
34
Suppose 52*s - 8382 = 2278. Suppose 165 = 4*g - 43. Calculate the remainder when s is divided by g.
49
What is the remainder when (-6 + 5)/(3/(-4848)) - -1 is divided by 60?
57
Let z = 3 + 89. Let o = z + -85. What is the remainder when 12 is divided by o?
5
Suppose -2971*v + 36 = 2970*v - 5938*v. Suppose -781 = -3*x + 38. Calculate the remainder when x is divided by v.
9
Let s(a) = a**2 + 11*a - 61. Let f be s(6). Let l = -15 + f. Calculate the remainder when 75 is divided by l.
23
Calculate the remainder when 71 is divided by 0/((-27)/(-3)) - 150/9*-3.
21
Let s(b) = 4*b + 17. Let g be (9/5)/((-4)/(-20)). Calculate the remainder when s(g) is divided by (-1)/4*2*(-20 - 2).
9
Let p be (-66)/2 + (21 - 24). Let n = p + 58. Calculate the remainder when n is divided by 8.
6
Suppose -n - 3 = -x, -4*x + 12 = -n + 2*n. Suppose 2*d - 8 + 0 = n, -4*z + 112 = 2*d. What is the remainder when 48 is divided by z?
22
Let k = 671 + -586. Calculate the remainder when 2464 is divided by k.
84
Let l(b) = 6*b - 16. Let g be l(9). Suppose 2*z - 3*m - g = 0, -5*m - 20 = -4*z + 52. Suppose 230 = 4*i + 130. Calculate the remainder when i is divided by z.
12
Suppose 8*i + 363 = 611. Suppose 5*c = i*c - 468. What is the remainder when 359 is divided by c?
17
What is the remainder when 729 is divided by 128/14 - 1026/(-1197)?
9
Let c = 7567 + -4369. Calculate the remainder when c is divided by 16.
14
Let k be 3/(1/(-5)*(-60)/(-36)). What is the remainder when 115 is divided by (-1 - (-340)/(-8))*6/k?
28
Let l(v) = v**3 + 15*v**2 - 645*v + 1. What is the remainder when 2379 is divided by l(19)?
19
Let z(y) = -y**3 - 25*y**2 + 55*y + 33. Let f be z(-27). Calculate the remainder when ((-220)/(-12))/((-10)/f - -2) is divided by 29.
26
Let i(p) = -57*p + 149*p**2 + 27 + 60*p - 147*p**2. Calculate the remainder when i(7) is divided by 37.
35
Let u(n) = -n**3 + 10*n**2 + 3*n - 140. Calculate the remainder when 239 is divided by u(6).
19
Let b(z) = -17*z + 653. What is the remainder when 2324 is divided by b(34)?
74
Suppose 50 = -5*j - 5*t, -2*j - 5*t + 0 - 5 = 0. Let r be ((-320)/j + -3)*-3. Let l = r - -68. Calcula